. Let k be m(0). Let q(c) be the second derivative of c**4/12 + c**3 + 7*c**2/2 + 6*c. What are the prime factors of q(k)?
7
Suppose 20 = 5*r + 5. Suppose -y - r*y + 28 = 0. List the prime factors of y.
7
Let y(j) = 10*j**2 - 4*j + 2. List the prime factors of y(3).
2, 5
Let h(b) = -8*b + b - 2*b + 2 + 1. List the prime factors of h(-3).
2, 3, 5
Suppose 0 = -4*z + z - 6. What are the prime factors of z/(-1) + 6 + 13?
3, 7
Let m(o) = 3*o**2 - 4*o + 2. Let y be m(2). Let j = y - 4. Suppose -2*t + 4*x + j = 0, 2*x - x + 41 = 5*t. List the prime factors of t.
3
Suppose -3*t + m = -0*t - 130, t - 35 = 2*m. Suppose -4*g + t = -5*u, 5*u = -4*g + 44 + 31. List the prime factors of g.
3, 5
Let t = -6 - -6. What are the prime factors of 1 + t + 2 + 7?
2, 5
Let y be ((-2 + 2)/(-2))/(-3). Suppose 0*k - 9 = 3*k, y = -u + 5*k + 36. Suppose -4*s + u = -19. List the prime factors of s.
2, 5
Suppose 2*n = -0*n + 60. What are the prime factors of n?
2, 3, 5
Suppose 666 = 3*c - 3*d, 3*c = -0*c + 5*d + 670. What are the prime factors of c?
2, 5, 11
List the prime factors of (-316)/(-6) + (-3)/(-9).
53
Let a = 150 - 93. List the prime factors of a.
3, 19
Let s(q) = -2*q - 2. Let k be s(7). Let t = -6 - k. List the prime factors of t.
2, 5
Let l(g) = -g + 2. List the prime factors of l(-7).
3
Suppose 4*t - 42 = 2*q, 18 = t + 3*q - 5*q. List the prime factors of t.
2
List the prime factors of ((-44)/3)/((-6)/27).
2, 3, 11
Let x(p) = -7*p + 9. Let k(s) = s. Let u(l) = -5*k(l) - x(l). List the prime factors of u(7).
5
Let v(i) = 4*i**2 - i - 7. List the prime factors of v(-2).
11
Let r(y) = -y**2 + 8*y - 9. List the prime factors of r(6).
3
List the prime factors of 136 - 12/(5 + -2).
2, 3, 11
Let o(t) be the second derivative of -t**5/20 + t**4/3 + 4*t**3/3 - 7*t**2/2 - 3*t. Let n be 2*2 + 0 + 1. List the prime factors of o(n).
2
Let b(f) = 13*f**2 - 1. Let l(z) = z**2 - 8*z + 8. Let r be l(7). List the prime factors of b(r).
2, 3
Let u be 1 + -1 - 8/2. What are the prime factors of (10/u)/((-1)/6)?
3, 5
Suppose 5*l + 0 = 5. Let n = 10 + l. List the prime factors of n.
11
Let g = -54 - -163. List the prime factors of g.
109
Suppose -3*j + 3*h - 23 = -7*j, 4*h = -4*j + 28. Let q be (-60)/(-14) + 4/(-14). Suppose -q*n = 5*s - 95, 0*s + j*n = s - 19. List the prime factors of s.
19
Let y(v) = v + 3. Let s be y(-5). Let q = 10 + s. What are the prime factors of q?
2
Let h = 0 + -3. Let q be (6 + 2)/1 + h. Suppose -o + 48 = 4*y - q*o, 0 = -2*y + 3*o + 28. List the prime factors of y.
2
Suppose -32*m - 666 = -38*m. List the prime factors of m.
3, 37
Let s(c) = 3*c**2 - 3*c + 17. What are the prime factors of s(-5)?
107
Let d(b) = -2*b**3 + 2*b**2 - 2. Let i be ((-6)/4)/((-12)/16). Suppose 0 = -i*p - 7 + 3. What are the prime factors of d(p)?
2, 11
Suppose 4*s - s + 5*n - 30 = 0, 0 = -2*n + 6. Suppose s*a - y - 39 = 0, -a - 34 = -5*a - 2*y. List the prime factors of a.
2
Suppose -z - 33 = 3*c + 12, -15 = 5*z. Let f(k) = -k**2 - 17*k - 3. List the prime factors of f(c).
3, 13
Let t(i) = -i**2 + 11*i + 5. Let y(c) = -c**2 + 11*c + 6. Let r(g) = 7*t(g) - 6*y(g). List the prime factors of r(8).
23
Let r = -6 - -11. Suppose 5*b + 5 = 0, b + 41 = r*j - 0*b. List the prime factors of j.
2
Let p(o) = -o - 2. Let l be p(-3). What are the prime factors of l/2 + 122/4?
31
Let o be (1/(3 - 2))/1. Let a be 6/(-3) + 3 + o. Suppose -a*l = s - 26, -l + 4*s + 28 = 3*l. List the prime factors of l.
11
Let o(q) = 4*q**2 + q + 1. Let y be o(-3). Suppose 19 = 5*k + g, 2*g = -2*k - 8 + 22. Suppose 2*u + 3 = -f, -k*f = -2*u + 3 - y. List the prime factors of f.
7
Let a = 19 - 36. What are the prime factors of (-3 + 3)/(-2) - a?
17
Suppose 2*y - 6*y - 152 = -3*j, y - 83 = -2*j. List the prime factors of j.
2, 11
Suppose 0*x + x = 3*a + 1, 0 = -a - x + 5. Let p be (a - 4) + -1 + 0. Let u(b) = -2*b - 3. List the prime factors of u(p).
5
Suppose 2*v - 22 = v. Let x = -10 + v. What are the prime factors of x?
2, 3
Let u(n) = 5*n. Suppose -1 + 3 = 2*x. What are the prime factors of u(x)?
5
Let o(z) = z + 8. Let h be o(6). Let d be (h/(-6))/((-6)/36). Let n = d + -2. List the prime factors of n.
2, 3
Suppose -w - 5*c = -6, -2*w + 1 = 4*c - 5. Let d be (1 - (2 + w)) + 4. Suppose 3 + 7 = d*k. What are the prime factors of k?
5
Let j(w) = 7*w**2 + w. What are the prime factors of j(1)?
2
Let f(c) be the third derivative of -c**5/30 - 7*c**4/24 - 2*c**3/3 + 4*c**2. Let g(i) be the first derivative of f(i). List the prime factors of g(-5).
13
List the prime factors of ((-152)/(-10))/(3*6/45).
2, 19
Let r = -6 - 7. Suppose 0 = q + 3*q - 72. Let j = r + q. List the prime factors of j.
5
Let r be (1 - (-32)/(-4)) + 1. What are the prime factors of (r/(-5))/(6/40)?
2
Let q(h) = 2*h - 2*h + h - 6. Let r(k) = k**2 + 2*k - 6. Let f be r(-5). What are the prime factors of q(f)?
3
Let p = 14 + 50. What are the prime factors of p?
2
Let i = -32 + 53. List the prime factors of i.
3, 7
Let r be 5 + -2*(-3)/6. What are the prime factors of (-4)/r - 140/(-12)?
11
Let h be (0 - -2)/(-2)*-3. Suppose -4 = -2*l - 3*k + 17, 3*k = h. What are the prime factors of l?
3
Suppose -6 = -11*g + 10*g. What are the prime factors of g?
2, 3
Let n(u) = u**3 - 9*u**2 + 3*u + 46. What are the prime factors of n(11)?
3, 107
Let w(y) = 0*y + 6*y - 5*y + 14. Let z be w(-9). Suppose 0 = -g + z*h - 8, -4*g + 28 + 3 = h. List the prime factors of g.
7
Suppose 5*n - 6 = 4*n. What are the prime factors of n/(-8) + 861/28?
2, 3, 5
Let c be -1 + 2 + 2*1. Let x(l) be the first derivative of l**2/2 + 2*l + 2. List the prime factors of x(c).
5
Let n = -19 + 31. Suppose -4*p + 4*o = -n, 2*o - 18 = -2*p - 2*o. What are the prime factors of p?
5
Let w(p) = -p**2 + 7*p + 2. Let l be w(4). Suppose -3*g = 0, q + 4*g - l + 7 = 0. What are the prime factors of q?
7
Suppose -3*r = -3*l - 12, -3*r + 0*l = 4*l - 5. Suppose -6 = -u + r*t, -6*t = u - t - 6. What are the prime factors of u?
2, 3
Let j be (5/15)/((-1)/(-9)). Let h = j - -2. Suppose -4*q - 4*m + 40 = -2*m, m = -h*q + 53. What are the prime factors of q?
11
Let n(f) be the second derivative of f**5/20 + 5*f**4/6 + 11*f**2/2 + 2*f. List the prime factors of n(-10).
11
Let r = 0 + 1. Suppose -r + 5 = i. Suppose 0 = -3*b - 2*c + 32, -i*b - 5*c = -2*c - 42. List the prime factors of b.
2, 3
Suppose -3*v + 5*v - 3*g - 466 = 0, 3*v - 699 = 3*g. What are the prime factors of v?
233
Suppose -3*a - 101 - 82 = -3*c, 0 = 5*c + a - 299. What are the prime factors of c?
2, 3, 5
Let j(u) = -29*u**2 - 6*u + 7. Let n be j(-5). Let w be 12/42 - n/(-7). List the prime factors of w/(-8) - 4/16.
2, 3
Let f = 17 + -10. Let q = 5 + f. List the prime factors of q.
2, 3
Let a = 93 - 57. What are the prime factors of a?
2, 3
Suppose 0 = 4*p + p - 10. Let i = -45 - -43. What are the prime factors of p/(1/((-8)/i))?
2
Let s be 0 + 6 + 1 - 0. Suppose g + 0*g + s = 0. Let q = 11 + g. What are the prime factors of q?
2
Suppose -4*m + 10 = -2*w, 0 = -m - 3*w + 6. Suppose 0 = 4*l - m*l - 49. List the prime factors of l.
7
Let s(g) = 5*g - g - 18*g**2 + 3 + 13*g**3 - 6. Let d(a) = 7*a**3 - 9*a**2 + 2*a - 1. Let o(i) = -11*d(i) + 6*s(i). What are the prime factors of o(9)?
11
Let r be 70*(-8)/20*-2. Let g = r - 38. What are the prime factors of g?
2, 3
Suppose n = d + 4*d + 7, -3*n + 5*d = -31. Let q = 4 + n. What are the prime factors of q?
2
Let w(c) = c**2 - 2*c - 5. Let q = 13 - 8. What are the prime factors of w(q)?
2, 5
Suppose 0 = -22*r + 26*r - 532. What are the prime factors of r?
7, 19
Let h(k) = 2*k**3 - 7*k**2 + 2*k + 3. Let p be h(5). Let x = p + -42. What are the prime factors of x?
2, 23
Let c(b) = -7*b**2 + 3*b. Let i(o) = 3*o**2 - o. Let a(x) = 2*c(x) + 5*i(x). Let p be a(3). What are the prime factors of (p/2 - -1) + 2?
3
Suppose 0 = y - 1 - 11. What are the prime factors of y?
2, 3
Let x(m) = 2*m**3 - m**2 - 3*m + 2. Let h be x(2). Suppose -3*r + 7 + h = 0. What are the prime factors of r?
5
What are the prime factors of (-7)/21 - 902/(-6)?
2, 3, 5
Let d = -126 - -389. What are the prime factors of d?
263
Let j = 64 - 27. List the prime factors of j.
37
Let d(y) be the first derivative of 3/2*y**2 - 4/3*y**3 + 2 - 2*y - 1/4*y**4. List the prime factors of d(-5).
2
Let p(y) = -y**3 + 4*y**2 + 4. Let k be p(4). Le